{"id":156,"date":"2019-02-14T20:34:48","date_gmt":"2019-02-14T20:34:48","guid":{"rendered":"https:\/\/www.clinicaportoazul.com\/gestionsegura\/?page_id=156"},"modified":"2024-09-24T19:16:25","modified_gmt":"2024-09-24T19:16:25","slug":"inicio","status":"publish","type":"page","link":"https:\/\/www.clinicaportoazul.com\/gestionsegura\/","title":{"rendered":"Inicio"},"content":{"rendered":"\n\n\t<h4 dir=\"ltr\"><strong>Componentes del programa de gesti\u00f3n segura de medicamentos Cl\u00ednica Portoazul<\/strong><\/h4>\n<p>El Programa de gesti\u00f3n segura de medicamentos de Cl\u00ednica Portoazul nace como una necesidad interdisciplinaria de minimizar las situaciones prevenibles o no prevenibles que puedan llevar a complicaciones cl\u00ednicas o fallos terap\u00e9uticos con relaci\u00f3n a la Farmacoterapia.<\/p>\n<p>Por esta raz\u00f3n la Farmacovigilancia, principal componente del programa, se estructuro como eje fundamental en cada etapa del ciclo del medicamento desde la selecci\u00f3n del medicamento en el vadem\u00e9cum institucional hasta el control y vigilancia del resultado de la terapia.<\/p>\n\t\t\t\t<img loading=\"lazy\" decoding=\"async\" src=\"https:\/\/www.clinicaportoazul.com\/gestionsegura\/wp-content\/uploads\/2019\/04\/foto-clinica-3.jpg\" alt=\"foto-clinica-3\" itemprop=\"image\" height=\"1200\" width=\"1440\" title=\"foto-clinica-3\" onerror=\"this.style.display='none'\"  \/>\n\t\t\t\t<img loading=\"lazy\" decoding=\"async\" src=\"https:\/\/www.clinicaportoazul.com\/gestionsegura\/wp-content\/uploads\/2019\/03\/Diagrama-Flujo.jpg\" alt=\"Diagrama-Flujo\" itemprop=\"image\" height=\"612\" width=\"792\" title=\"Diagrama-Flujo\" onerror=\"this.style.display='none'\"  \/>\n\t<h4><strong>El equipo esta compuesto por los siguientes profesionales:<\/strong><\/h4>\n<ul>\n<li><strong>Dr. Juan Carlos Hern\u00e1ndez <\/strong>&#8211;\u00a0Director M\u00e9dico<\/li>\n<li><strong>Dra. Karen Torrecilla<\/strong> &#8211; Jefe de Unidad Funcional de Soporte M\u00e9dico<\/li>\n<li><strong>Dra. Liliana\u00a0<\/strong><b>Hern\u00e1ndez<\/b>\u00a0&#8211;\u00a0Coordinadora de Mejoramiento Continuo<\/li>\n<li><strong>Dr. Ubaldo Padilla<\/strong> &#8211; Subdirecci\u00f3n M\u00e9dica<\/li>\n<li><strong>Dr. Guillermo Oeding <\/strong>&#8211; Jefe de UCIs y Hospitalizaci\u00f3n<\/li>\n<li><strong>Dr. Sergio Saucedo<\/strong> &#8211;\u00a0 Jefe de Unidad Perioperatoria<\/li>\n<li><b>Enf. Cindy Bol\u00edvar<\/b> &#8211; Jefe de Seguridad a Paciente<\/li>\n<li><strong>Q.F. Harold Hurtado <\/strong>&#8211; Qu\u00edmico Farmac\u00e9utico Asistencial<\/li>\n<li><strong>Q.F. Yorcely Avila<\/strong> &#8211; Director T\u00e9cnico servicio Farmac\u00e9utico Cl\u00ednica Portoazul<\/li>\n<\/ul>\n\n","protected":false},"excerpt":{"rendered":"<p>Componentes del programa de gesti\u00f3n segura de medicamentos Cl\u00ednica Portoazul El Programa de gesti\u00f3n segura de medicamentos de Cl\u00ednica Portoazul&hellip;<\/p>\n","protected":false},"author":1,"featured_media":0,"parent":0,"menu_order":0,"comment_status":"closed","ping_status":"closed","template":"","meta":{"footnotes":""},"class_list":["post-156","page","type-page","status-publish","hentry"],"_links":{"self":[{"href":"https:\/\/www.clinicaportoazul.com\/gestionsegura\/wp-json\/wp\/v2\/pages\/156","targetHints":{"allow":["GET"]}}],"collection":[{"href":"https:\/\/www.clinicaportoazul.com\/gestionsegura\/wp-json\/wp\/v2\/pages"}],"about":[{"href":"https:\/\/www.clinicaportoazul.com\/gestionsegura\/wp-json\/wp\/v2\/types\/page"}],"author":[{"embeddable":true,"href":"https:\/\/www.clinicaportoazul.com\/gestionsegura\/wp-json\/wp\/v2\/users\/1"}],"replies":[{"embeddable":true,"href":"https:\/\/www.clinicaportoazul.com\/gestionsegura\/wp-json\/wp\/v2\/comments?post=156"}],"version-history":[{"count":26,"href":"https:\/\/www.clinicaportoazul.com\/gestionsegura\/wp-json\/wp\/v2\/pages\/156\/revisions"}],"predecessor-version":[{"id":1134,"href":"https:\/\/www.clinicaportoazul.com\/gestionsegura\/wp-json\/wp\/v2\/pages\/156\/revisions\/1134"}],"wp:attachment":[{"href":"https:\/\/www.clinicaportoazul.com\/gestionsegura\/wp-json\/wp\/v2\/media?parent=156"}],"curies":[{"name":"wp","href":"https:\/\/api.w.org\/{rel}","templated":true}]}}