{"id":219,"date":"2016-12-26T06:27:42","date_gmt":"2016-12-26T06:27:42","guid":{"rendered":"https:\/\/raratheme.com\/preview\/lawyer-landing-page\/?page_id=5"},"modified":"2025-11-12T16:56:27","modified_gmt":"2025-11-12T16:56:27","slug":"home","status":"publish","type":"page","link":"https:\/\/www.clinicaportoazul.com\/lactanciamaterna\/","title":{"rendered":"Charlas Auna Ideas"},"content":{"rendered":"<ul>\n<li>\n<h2 style=\"font-size: 20px !important;\">Preparaci\u00f3n para el destete<\/h2>\n<p style=\"font-size: 16px !important;\">Noviembre 18 de 2025 &#8211; Hora: 5:00 p.m. (Colombia &#8211; Per\u00fa) 4:00 p.m. (M\u00e9xico)<\/p>\n<\/li>\n<li>\n<h2 style=\"font-size: 20px !important;\">El sue\u00f1o del beb\u00e9<\/h2>\n<p style=\"font-size: 16px !important;\">Diciembre 10 de 2025 &#8211; Hora: 5:00 p.m. (Colombia &#8211; Per\u00fa) 4:00 p.m. (M\u00e9xico)<\/p>\n<\/li>\n<\/ul>\n\n\n<div style=\"height:20px\" aria-hidden=\"true\" class=\"wp-block-spacer\"><\/div>\n\n\n\n<p class=\"has-medium-font-size\"><strong>Conferencistas:<\/strong>&nbsp;Miembros Liga de La leche Colombia<strong> &#8211; <\/strong>L\u00edderes Acreditadas<\/p>\n\n\n\n<div style=\"height:30px\" aria-hidden=\"true\" class=\"wp-block-spacer\"><\/div>\n\n\n\n<p style=\"font-size:35px\"><strong>\u00a1Inscr\u00edbete!<\/strong><\/p>\n\n\n\n<div class=\"wp-block-columns is-layout-flex wp-container-core-columns-is-layout-9d6595d7 wp-block-columns-is-layout-flex\">\n<div class=\"wp-block-column is-layout-flow wp-block-column-is-layout-flow\"><div class=\"wp-block-image\">\n<figure class=\"alignleft size-full is-resized\"><img loading=\"lazy\" decoding=\"async\" width=\"161\" height=\"104\" src=\"https:\/\/www.clinicaportoazul.com\/lactanciamaterna\/wp-content\/uploads\/2022\/03\/aunaideas2.png\" alt=\"\" class=\"wp-image-1050\" style=\"object-fit:contain;width:161px;height:104px\"\/><\/figure>\n<\/div><\/div>\n\n\n\n<div class=\"wp-block-column is-layout-flow wp-block-column-is-layout-flow\"><div class=\"wp-block-image\">\n<figure class=\"alignleft size-full is-resized\"><img loading=\"lazy\" decoding=\"async\" width=\"161\" height=\"104\" src=\"https:\/\/www.clinicaportoazul.com\/lactanciamaterna\/wp-content\/uploads\/2022\/03\/liga-leche1-1.png\" alt=\"\" class=\"wp-image-1073\" style=\"object-fit:contain;width:161px;height:104px\"\/><\/figure>\n<\/div><\/div>\n\n\n\n<div class=\"wp-block-column is-layout-flow wp-block-column-is-layout-flow\">\n<figure class=\"wp-block-image size-full is-resized\"><img loading=\"lazy\" decoding=\"async\" width=\"161\" height=\"104\" src=\"https:\/\/www.clinicaportoazul.com\/lactanciamaterna\/wp-content\/uploads\/2021\/11\/clinica-las-americas.png\" alt=\"\" class=\"wp-image-680\" style=\"object-fit:contain;width:161px;height:104px\"\/><\/figure>\n<\/div>\n\n\n\n<div class=\"wp-block-column is-layout-flow wp-block-column-is-layout-flow\">\n<figure class=\"wp-block-image size-full is-resized\"><img loading=\"lazy\" decoding=\"async\" width=\"161\" height=\"104\" src=\"https:\/\/www.clinicaportoazul.com\/lactanciamaterna\/wp-content\/uploads\/2021\/11\/clinica-portoazul-1.png\" alt=\"\" class=\"wp-image-679\" style=\"object-fit:contain;width:161px;height:104px\"\/><\/figure>\n<\/div>\n<\/div>\n","protected":false},"excerpt":{"rendered":"<p>Preparaci\u00f3n para el destete Noviembre 18 de 2025 &#8211; Hora: 5:00 p.m. (Colombia &#8211; Per\u00fa) 4:00 p.m. (M\u00e9xico) El sue\u00f1o del beb\u00e9 Diciembre 10 de 2025 &#8211; Hora: 5:00 p.m. (Colombia &#8211; Per\u00fa) 4:00 p.m. (M\u00e9xico) Conferencistas:&nbsp;Miembros Liga de La &hellip; <\/p>\n","protected":false},"author":1,"featured_media":4470,"parent":0,"menu_order":0,"comment_status":"closed","ping_status":"closed","template":"template-home.php","meta":{"footnotes":""},"class_list":["post-219","page","type-page","status-publish","has-post-thumbnail","hentry"],"_links":{"self":[{"href":"https:\/\/www.clinicaportoazul.com\/lactanciamaterna\/wp-json\/wp\/v2\/pages\/219","targetHints":{"allow":["GET"]}}],"collection":[{"href":"https:\/\/www.clinicaportoazul.com\/lactanciamaterna\/wp-json\/wp\/v2\/pages"}],"about":[{"href":"https:\/\/www.clinicaportoazul.com\/lactanciamaterna\/wp-json\/wp\/v2\/types\/page"}],"author":[{"embeddable":true,"href":"https:\/\/www.clinicaportoazul.com\/lactanciamaterna\/wp-json\/wp\/v2\/users\/1"}],"replies":[{"embeddable":true,"href":"https:\/\/www.clinicaportoazul.com\/lactanciamaterna\/wp-json\/wp\/v2\/comments?post=219"}],"version-history":[{"count":202,"href":"https:\/\/www.clinicaportoazul.com\/lactanciamaterna\/wp-json\/wp\/v2\/pages\/219\/revisions"}],"predecessor-version":[{"id":7099,"href":"https:\/\/www.clinicaportoazul.com\/lactanciamaterna\/wp-json\/wp\/v2\/pages\/219\/revisions\/7099"}],"wp:featuredmedia":[{"embeddable":true,"href":"https:\/\/www.clinicaportoazul.com\/lactanciamaterna\/wp-json\/wp\/v2\/media\/4470"}],"wp:attachment":[{"href":"https:\/\/www.clinicaportoazul.com\/lactanciamaterna\/wp-json\/wp\/v2\/media?parent=219"}],"curies":[{"name":"wp","href":"https:\/\/api.w.org\/{rel}","templated":true}]}}